15) + l/9. Let p(h) = -2 + 2*h**2 + 0*h**2 + 4*h**a - h**3 + 1. Give p(6).
-1
Let d(p) be the first derivative of p**4/4 - 4*p**3/3 - 4*p**2 + 2*p - 40. Give d(6).
26
Let a(i) = i. Let x(b) = -4*b - 1. Let n(k) = 12*a(k) + 4*x(k). Determine n(-3).
8
Let a(d) = -26*d**3 + 2*d**2 + 28*d**3 + 0 + 1. Suppose 0 = -m + 4*g + 18, -3*g - 19 = -3*m - 10. Give a(m).
-7
Let s(q) = q**3 + q**2 - 3*q + 2. Let u = 235 + -238. What is s(u)?
-7
Let u be (-18)/(-45) - 33/(-5). Let y(o) = 11*o**2 - 9*o + 1. Let h(p) = -5*p**2 + 5*p - 1. Let n(g) = -9*h(g) - 4*y(g). Calculate n(u).
-9
Let k(m) = -15*m**2 - 14*m + 11. Let f(b) = -b**3 - 2*b + 1. Let w(s) = 2*f(s) - k(s). What is w(8)?
7
Let n(j) = -j**2 - j + 2. Let p be (4 - 0)/((-165)/(-155) - 1). Let u = p - 66. Determine n(u).
-10
Let u = 77 - 73. Suppose 0 = -5*x - u*q + 13, 3*x = x - 2*q + 6. Let v(w) = 5*w**3 + 2*w**2 - 1. Determine v(x).
6
Let s be 1 + 1 - (-1)/(-1)*0. Suppose 0*g + 4*g = 0. Suppose g = -3*v + s + 1. Let h(x) = 5*x. Calculate h(v).
5
Let o = -65 + 62. Let k be -8 + ((-15)/o - 4). Let r(w) = -w**2 - 7*w - 2. Give r(k).
-2
Let a(r) be the first derivative of r**4/4 + 3*r**3 - 9*r**2/2 - 11*r + 662. Determine a(-10).
-21
Let q(d) = d. Let a be q(6). Let y(n) = 21*n**2 - 6*n - n**3 - 58*n**2 + 27*n**2 - 3 + 17*n**2. What is y(a)?
-3
Let u(i) = 32*i - 124. Let z(q) = 6*q - 22. Let m(f) = 5*u(f) - 28*z(f). What is m(-2)?
12
Let f(z) be the second derivative of -z**3 + 1/12*z**4 + 3*z**2 + 0 - z. Let m be 19/3 + (-10)/30. Give f(m).
6
Suppose -641*f - 7 = -642*f. Let c(p) = -p**2 + 4*p + 13. Determine c(f).
-8
Let o(q) = -q + 15. Let p(g) = 17*g + 510. Let n be p(-30). Calculate o(n).
15
Suppose 0*j + 3*j - 6 = 0. Let b be ((0 - 1) + j)*-5. Let m(w) = -36 + 0*w**2 - w**2 + 6 - 5*w + 27. Determine m(b).
-3
Let i(y) = -y**3 + y**2 - 2*y - 2. Let c be i(-1). Suppose c*j + 21 = 7*z - 4*z, 5*j + 5*z + 15 = 0. Let n(u) = u**3 + 6*u**2 - 2*u - 8. Determine n(j).
4
Suppose -10*r + 50 = -20*r. Let a(c) be the second derivative of -c**3/2 - 3*c**2/2 - 5*c. Determine a(r).
12
Let o = 348 - 356. Let d(p) = -3*p - 19. Give d(o).
5
Suppose 4*l + 3*m = 1, -1 = 10*l - 11*l - m. Let g(j) = 2*j**2 + j - 3 - 4*j**2 - j**3 - 3*j. Determine g(l).
1
Suppose 5*q - 346 = -346. Let z(x) = x**3 + 14. Give z(q).
14
Let m(a) = -a + 18. Suppose 5*f = -5*y + 45, 24 = 3*y + 4*f - 0. What is m(y)?
6
Let r(x) be the first derivative of -3/2*x**2 + 0*x + 10 - x**3. Give r(-2).
-6
Suppose 418 - 341 = -11*t. Let s(r) = -r**2 - 7*r + 8. What is s(t)?
8
Let v(a) = 2*a**2 - 13*a + 19. Suppose 7*d = 12*d - 25. Let z be v(d). Let x(q) = q**3 - 3*q**2 - 6*q + 4. Determine x(z).
-4
Let h(g) = 2*g - 17. Suppose 0 = -j + 6. Let q be h(j). Let s(u) = -6*u + 7*u + 9 + 0. Determine s(q).
4
Suppose 0*c - 2*c - 5*l = 25, 3*l + 57 = -4*c. Let s = c - -20. Let h(f) = 2*f - 1. Calculate h(s).
9
Let r(z) = z**2 - 10*z + 14. Let c be r(9). Suppose -a - 2*a - 3*h = -6, -2*a + c*h = 3. Let l(d) = 3 - 1 + 2*d**2 + 3*d - a. What is l(-2)?
3
Let s(t) be the third derivative of -5*t**4/8 - t**3/6 - 2*t**2. Suppose 71*j - 63*j = 8. Give s(j).
-16
Let o(m) be the first derivative of -5*m**3/3 + 23. Let l = -33 + 32. What is o(l)?
-5
Suppose 5 = -j + 8*y - 10*y, 2*j + y + 13 = 0. Let r(a) be the third derivative of -a**4/24 - 4*a**3/3 + 2*a**2. Determine r(j).
-1
Suppose 3*m = 2*l + 8, -4*l + 14 = -4*m + 18. Let b(c) = c. Determine b(m).
6
Let o be (1 + 49/(-21))*9. Let v(r) = r**3 + 13*r**2 + 14*r + 18. Calculate v(o).
-6
Let a(s) = 7*s + 1. Let k(y) = 79*y + 8. Let v(i) = 22*a(i) - 2*k(i). What is v(3)?
-6
Let f(v) = -2*v**3 + 15*v**2 + 16*v - 1. Let m(x) = x**3 - 8*x**2 - 8*x. Suppose -3*r + 7*r + 3*z = -21, 4*z = -r - 15. Let g(s) = r*f(s) - 5*m(s). Give g(6).
-9
Let n(o) = o**2 - o. Let v be (36/(-90))/((-2)/15). Give n(v).
6
Let w(y) = 0*y + 7*y**2 + y + 1 + 0*y. Suppose 4*m + 3*g - 5 = 0, 100*m = 102*m - 3*g + 11. Calculate w(m).
7
Let d(u) = -u - 2. Let z be 7 - (-6)/2*(-18)/27. Give d(z).
-7
Let f = -1 + -1. Suppose 5*u - 9*u + 12 = 0. Let p(b) = 8*b**3 - 33*b**3 + 17*b**3 + 9*b**u. What is p(f)?
-8
Let p(n) = n**2 - 2*n - 5. Let y be p(4). Let w(a) be the first derivative of a**3/3 + a**2 - 4*a + 3965. Determine w(y).
11
Let o(z) = -2*z**3 - 8*z**2 + 9*z - 8. Let s(l) = 2*l**3 + 7*l**2 - 8*l + 7. Let p(a) = 6*o(a) + 7*s(a). Give p(1).
2
Let q(p) = -2*p**2 - 6*p + 4. Suppose 15 = 3*c - 3*s, 9*c - 15 = 4*c - 5*s. Give q(c).
-52
Suppose -2*k - 5 = -9. Let l(n) = n**2 + 1 + n + 1 + k*n - n. Give l(-2).
2
Let i(c) be the third derivative of -c**4/8 - c**3 - 16*c**2 - 1. Suppose 4 = -4*v - 12. Calculate i(v).
6
Let f(c) = 4*c + 2. Let a(d) = -7*d - 3. Let b(z) = -3*a(z) - 5*f(z). Give b(-8).
-9
Suppose 4*r + 3*n - 34 = 0, 0*r + 4*n + 27 = 5*r. Let a(t) be the first derivative of t**4/4 - 7*t**3/3 + t**2 + 3*t - 178. Give a(r).
17
Suppose -4*s + 25 = -s - 5*k, 18 = 2*s - 2*k. Suppose -z + 42 = 4*x - 0*z, 36 = 4*x + 4*z. Let t = s - x. Let a(n) = 4*n**3. What is a(t)?
-4
Suppose -46 = 2*n - 54. Let c = -1 + 5. Let h(z) = -c + 4*z**2 - 4*z + 10*z - 5*z**2. Determine h(n).
4
Let d(g) = g - 5. Suppose 6*s = a + 4*s + 1, 0 = a - 3*s - 3. Let c = a - -12. Suppose -2*t + 30 = c*t. Give d(t).
1
Suppose 3*y - 4*y = 6. Let f = y + 10. Let b(x) = 9 + x + x - 11 - x. Determine b(f).
2
Let g = 167 + -155. Suppose -g*i = -i + 33. Let c(l) = -2*l - 4. What is c(i)?
2
Let k(f) = 8*f**3 - 2*f**2 + 3*f - 2. Suppose -4*r - 11*j + 7 = -10*j, -8 = -2*r - 2*j. What is k(r)?
7
Let q(m) be the second derivative of -3*m**3/2 - m**2/2 + 8*m. Determine q(2).
-19
Let c(z) = z**2 + 5*z - 11. Let i be c(-7). Suppose -5*o - 3 + 4 = -d, -d - i*o = 9. Let m(u) = u + 4 + u + 2. Calculate m(d).
-6
Let p(m) = -m**2 + 5. Suppose -2*w + 0 = -4. Suppose -w = -2*z + 10. Suppose z*g = 4*g + 8. Determine p(g).
-11
Let h(w) = -4*w**3 + 12*w**2 - 5*w - 4. Let i(v) = 11*v**3 - 34*v**2 + 13*v + 11. Let n(u) = -8*h(u) - 3*i(u). Give n(6).
5
Let b(q) = -3*q**3 - 2*q**2 - q - 1. Let l(m) = 2*m**3 + 5*m**2 + 15*m - 25. Let g(k) = b(k) + l(k). Calculate g(5).
-6
Suppose -6*w + 6 = -3*w. Let n(r) be the second derivative of r**4/12 + r**3/6 - r**2/2 + 3*r. Give n(w).
5
Let w(y) = -y**2 + 3*y + 1. Suppose -4*s - 2*p = 192 + 110, 4*s + p = -307. Let m = s - -80. What is w(m)?
3
Let x(a) = 3*a**2 - 1. Let i = 13 + -10. Let y = i - 0. Suppose 3*f - 7 = 2*t, -f - y = t - 2. Give x(f).
2
Suppose -37 = -5*r - 2. Let f = r + -7. Let d(g) = -7*g - 4*g**3 + f*g + 3*g**3 - 8*g**2 + 6. Calculate d(-7).
6
Suppose 14*o + 100 = 310. Let a(t) = -t**3 + 15*t**2 + 2*t - 11. Calculate a(o).
19
Let w(i) be the second derivative of -i**4/12 - 7*i**3/3 - 7*i**2/2 - 108*i. Determine w(-12).
17
Let o(w) = w - 11. Let f(i) = i - 1. Let j(t) = -4*f(t) + 3*o(t). What is j(0)?
-29
Let j(b) = b**3 + 3 - 9*b**2 - 9 - 9*b + 19*b - b. Calculate j(8).
2
Suppose -y + 2*n + 19 = 6*n, -2*y - 3*n + 28 = 0. Let p(h) = -5*h**2 + 8*h + 4*h - y*h. Determine p(1).
-4
Let i = 2 - 8. Let c(w) = 8*w + 11*w**2 + 19*w**2 - 39*w**2 + 10*w**2 + 8. Determine c(i).
-4
Let u be ((-52)/(-20) - 2)*(0 - -15). Let d(f) = f**2 - 11*f + 10. Give d(u).
-8
Suppose -5*d + 14 = 9*d. Let x(q) = 4*q**2 - q + 1. What is x(d)?
4
Suppose 0 = -4*j + 8*j - 32. Let l(f) = -3*f + 3*f**2 + j*f - 4*f**2. Suppose -3*k = -3*n + 5 + 4, -k - 19 = -5*n. What is l(n)?
4
Suppose 0 = c + 2*c. Suppose 0 = -c*x - 4*x. Let q(n) be the second derivative of n**3/6 - 7*n**2/2 + n. Determine q(x).
-7
Let s be 162/9*3/2. Suppose 2*m = 26 - 74. Let c = s + m. Let t(f) = -4*f - 1. Determine t(c).
-13
Let m(r) = -9*r + 6. Let j(n) = 11*n - 7. Let v(l) = -4*j(l) - 5*m(l). What is v(13)?
11
Let b(d) be the second derivative of d**5/120 + 13*d**4/24 - 13*d**3/3 - 10*d. Let i(z) be the second derivative of b(z). Determine i(-8).
5
Let k(d) = 4*d**2 - 3*d. Let a(b) = 5*b**2 - 5*b - 1. Let c(u) = 3*a(u) - 4*k(u). Calculate c(-3).
-3
Suppose 2*x + 2*d - 7 = -x, -2*d = -10. Let i be x/4 - (-10)/8. Let g(w) be the third derivative of w**6/60 - w**5/30 + w**3/6 - 214*w**2 - 1. What is g(i)?
1
Let x(g) = g**2 + 4*g - 6. Let d(r) = -34 - 2*r - 10*r**2 - r - 27*r**3 - 32*r**3 + 58*r**3. Let q be d(-10). What is x(q)?
-6
Let p(v) be the third derivative of -v**5/30 + 5*v**4/24 + 2*v**3/3 - 12*v**2 + 3*v. 